{"id":2,"date":"2015-09-14T13:11:02","date_gmt":"2015-09-14T10:11:02","guid":{"rendered":"http:\/\/www.guvencilingir.com\/?page_id=2"},"modified":"2016-10-26T21:15:20","modified_gmt":"2016-10-26T18:15:20","slug":"iletisim","status":"publish","type":"page","link":"https:\/\/www.guvencilingir.com\/index.php\/iletisim\/","title":{"rendered":"\u0130LET\u0130\u015e\u0130M"},"content":{"rendered":"<h3 style=\"text-align: center;\"><span style=\"color: #000000;\"><strong>G\u00dcVEN \u00c7\u0130L\u0130NG\u0130R<\/strong><\/span><\/h3>\n<h3 style=\"text-align: center;\"><span style=\"color: #000000;\"><strong>209 Sok. No: 11 Buca \/ \u0130zmir<\/strong><\/span><br \/>\n<span style=\"color: #000000;\"><strong> E-mail: guven_cilingir@hotmail.com<\/strong><\/span><br \/>\n<span style=\"color: #000000;\"><strong>\u00a0\u00a0\u00a0\u00a0\u00a0 info@guvencilingir.com<\/strong><\/span><br \/>\n<span style=\"color: #000000;\"><strong> Tel:\u00a0\u00a0 0 850 333 0 789<\/strong><\/span><br \/>\n<span style=\"color: #000000;\"><strong>\u00a0\u00a0\u00a0\u00a0\u00a0\u00a0\u00a0\u00a0\u00a0\u00a0 0 507 291 65 56<\/strong><\/span><\/h3>\n","protected":false},"excerpt":{"rendered":"<p>G\u00dcVEN \u00c7\u0130L\u0130NG\u0130R 209 Sok. No: 11 Buca \/ \u0130zmir E-mail: guven_cilingir@hotmail.com \u00a0\u00a0\u00a0\u00a0\u00a0 info@guvencilingir.com Tel:\u00a0\u00a0 0 850 333 0 789 \u00a0\u00a0\u00a0\u00a0\u00a0\u00a0\u00a0\u00a0\u00a0\u00a0 0 507 291 65 56<\/p>\n","protected":false},"author":1,"featured_media":0,"parent":0,"menu_order":10,"comment_status":"open","ping_status":"open","template":"","meta":{"footnotes":""},"_links":{"self":[{"href":"https:\/\/www.guvencilingir.com\/index.php\/wp-json\/wp\/v2\/pages\/2"}],"collection":[{"href":"https:\/\/www.guvencilingir.com\/index.php\/wp-json\/wp\/v2\/pages"}],"about":[{"href":"https:\/\/www.guvencilingir.com\/index.php\/wp-json\/wp\/v2\/types\/page"}],"author":[{"embeddable":true,"href":"https:\/\/www.guvencilingir.com\/index.php\/wp-json\/wp\/v2\/users\/1"}],"replies":[{"embeddable":true,"href":"https:\/\/www.guvencilingir.com\/index.php\/wp-json\/wp\/v2\/comments?post=2"}],"version-history":[{"count":6,"href":"https:\/\/www.guvencilingir.com\/index.php\/wp-json\/wp\/v2\/pages\/2\/revisions"}],"predecessor-version":[{"id":527,"href":"https:\/\/www.guvencilingir.com\/index.php\/wp-json\/wp\/v2\/pages\/2\/revisions\/527"}],"wp:attachment":[{"href":"https:\/\/www.guvencilingir.com\/index.php\/wp-json\/wp\/v2\/media?parent=2"}],"curies":[{"name":"wp","href":"https:\/\/api.w.org\/{rel}","templated":true}]}}